22321200
What is -1025343 (base 9) in base 10?
-548490
What is -422810 (base 12) in base 15?
-158880
What is -11302333 (base 4) in base 15?
-707d
What is -3ab6d8 (base 14) in base 13?
-5607cc
10101011010000011100 (base 2) to base 15
dcc98
-110101011001100 (base 2) to base 13
-c5a1
-212320234 (base 6) to base 12
-131307a
What is -674343 (base 10) in base 7?
-5506005
Convert 23242444 (base 5) to base 10.
212249
-411341010 (base 5) to base 9
-3122366
What is -4b368f (base 16) in base 12?
-179863b
-66445 (base 10) to base 12
-32551
93663 (base 15) to base 5
104422233
Convert 1b9b44 (base 15) to base 11.
841713
What is 52680 (base 14) in base 10?
198856
Convert 101000001010100110 (base 2) to base 9.
270607
What is 63843 (base 13) in base 9?
303033
What is -56351a (base 11) in base 2?
-11011011001010111000
40111242 (base 6) to base 11
701372
Convert 4234000 (base 5) to base 9.
117507
Convert -1241077 (base 9) to base 10.
-676582
191f3 (base 16) to base 5
11243044
What is -1403473 (base 8) in base 13?
-10aa8a
59058 (base 12) to base 7
1004546
1010100101101100110011 (base 2) to base 9
5200677
Convert -21002010000020 (base 3) to base 2.
-1110010110010111101110
33022333132 (base 4) to base 7
45543166
What is 381a446 (base 13) in base 3?
1012221012021120
Convert 2032310121 (base 4) to base 2.
10001110110100011001
What is 14050363 (base 7) in base 13?
3697a5
What is 111200110101101 (base 3) in base 2?
11011101111011001110111
What is 100000101100110000000101 (base 2) in base 9?
17114403
What is -21296 (base 15) in base 5?
-11331331
Convert 3048389 (base 10) to base 11.
17a2333
Convert 552913 (base 12) to base 2.
101001010001110011111
What is 172283 (base 11) in base 5?
32012113
What is 59170 (base 15) in base 8?
1052266
Convert 683267 (base 10) to base 9.
1251235
What is -383144 (base 13) in base 10?
-1349183
What is 832a8 (base 11) in base 10?
121481
What is 21100213 (base 5) in base 9?
286118
What is 5299 (base 11) in base 12?
4079
What is 2052a (base 14) in base 8?
230032
Convert 4908a (base 13) to base 14.
36c4b
Convert 456bc (base 15) to base 5.
24032102
Convert 11b5124 (base 13) to base 15.
7418a7
What is -621700 (base 9) in base 11?
-232023
-756514 (base 8) to base 6
-5232300
-20013404 (base 5) to base 6
-3212254
Convert -535975 (base 10) to base 16.
-82da7
-3238304 (base 9) to base 6
-101131051
What is 162a44 (base 12) in base 7?
3133420
Convert 267327 (base 8) to base 11.
64614
7b638 (base 12) to base 5
20240233
What is 1133300 (base 5) in base 13?
9792
-33131111 (base 4) to base 14
-19109
1124453 (base 10) to base 5
241440303
Convert -2ecd8e (base 16) to base 3.
-12202211111220
Convert 103123 (base 10) to base 8.
311323
What is -20200100201 (base 3) in base 12?
-6410a
What is -47119 (base 15) in base 8?
-672106
c71a4b (base 14) to base 3
110122210111022
Convert 325614 (base 15) to base 8.
11112663
-213355005 (base 6) to base 11
-2172593
Convert 479d5 (base 14) to base 7.
1325455
Convert -40103544 (base 6) to base 3.
-2010022211201
Convert 2200002001012 (base 3) to base 6.
50223522
709336 (base 11) to base 13
30ba02
-4670280 (base 10) to base 6
-244033400
What is -1011100111010110011010 (base 2) in base 12?
-102a022
Convert -1ddc6b (base 15) to base 6.
-51214332
-2122700 (base 8) to base 7
-4550150
968a (base 12) to base 11
11460
What is 101001112102 (base 3) in base 9?
331472
What is -21120220111 (base 3) in base 7?
-1161334
Convert -1447660 (base 8) to base 2.
-1100100111110110000
What is 504505443 (base 6) in base 7?
133211202
What is -4063055 (base 9) in base 12?
-88631b
What is -10060042 (base 8) in base 16?
-206022
111010010100011010 (base 2) to base 13
8495c
Convert 1643461 (base 8) to base 6.
14120121
Convert -3559600 (base 10) to base 14.
-689332
Convert 101002212 (base 4) to base 5.
4213143
Convert -11111011201000 (base 3) to base 14.
-4612a4
Convert -81d08 (base 15) to base 13.
-1152a1
314a55 (base 11) to base 6
14451044
91125aa (base 11) to base 7
254021130
-1212101211011 (base 3) to base 4
-3302030212
Convert -12557 (base 10) to base 7.
-51416
What is 11000111110011111100 (base 2) in base 15?
11276d
Convert 633727 (base 8) to base 10.
210903
Convert 50523 (base 10) to base 9.
76266
-1908050 (base 10) to base 16
-1d1d52
-120201323 (base 4) to base 10
-100475
What is 1656172 (base 10) in base 3?
10010010211201
What is 105855 (base 11) in base 13?
5ba57
Convert -7625b (base 13) to base 7.
-1546342
Convert 10211120111 (base 3) to base 7.
433063
What is -83375 (base 13) in base 12?
-b4482
What is -53061114 (base 8) in base 13?
-2457235
What is 2add46 (base 14) in base 5?
340414330
What is -2577514 (base 8) in base 11?
-452537
What is 1100021021120 (base 3) in base 13?
1bcc30
-40478 (base 16) to base 8
-1002170
Convert -ebb360 (base 15) to base 10.
-11226015
What is -100301322 (base 5) in base 4?
-1201231110
Convert 2100101022011 (base 3) to base 14.
2468dd
Convert 21058 (base 15) to base 6.
2124432
-47237 (base 14) to base 10
-173313
2939e (base 15) to base 6
2501105
What is -19220c (base 15) in base 10?
-1222212
Convert -22121504 (base 8) to base 10.
-4760388
11100101101010010011100 (base 2) to base 10
7525532
Convert -11a016 (base 11) to base 9.
-317251
What is -1341212002 (base 5) in base 7?
-41261125
What is 3792446 (base 11) in base 7?
106621641
-10210100011 (base 3) to base 10
-74605
What is b559b3 (base 12) in base 4?
22320001113
What is 2000202202 (base 3) in base 10?
39926
-2143214002 (base 5) to base 8
-21624513
Convert -1111001010011100101 (base 2) to base 4.
-1321103211
-1655132 (base 7) to base 15
-48c58
Convert 3013012022 (base 4) to base 2.
11000111000110001010
What is -2113012101 (base 4) in base 11?
-392a94
What is -240943 (base 12) in base 14?
-112123
-1348925 (base 11) to base 8
-10675062
116486 (base 9) to base 11
48978
Convert 186a06 (base 12) to base 15.
865a9
-bccc (base 16) to base 2
-1011110011001100
Convert -10353104 (base 8) to base 15.
-2dc0b0
What is -30130112233 (base 4) in base 12?
-11137a7
1010110111111100100 (base 2) to base 14
93bda
What is -278e75 (base 16) in base 12?
-a50271
What is -1734d87 (base 14) in base 7?
-166044530
What is -2220124 (base 6) in base 8?
-331624
-20b92ac (base 13) to base 14
-147dd58
428c (base 16) to base 11
11888
-3422472 (base 8) to base 7
-10610503
Convert -87469 (base 11) to base 10.
-127004
What is 1120211020210 (base 3) in base 15?
119b3c
What is -244061 (base 7) in base 13?
-17414
-1368602 (base 9) to base 5
-143114044
What is 25744 (base 11) in base 2?
1000111111100000
Convert -135d2a (base 16) to base 10.
-1269034
What is -110200211 (base 4) in base 10?
-84005
-3806335 (base 9) to base 6
-112221352
What is 1100100110100011000 (base 2) in base 9?
688415
What is -310152431 (base 7) in base 4?
-1011032211032
Convert 26413500 (base 8) to base 6.
330314120
Convert -20022021221 (base 3) to base 2.
-11110010011110000
-21245452 (base 6) to base 3
-1011221011112
-1500622 (base 8) to base 9
-718802
-164c8 (base 15) to base 7
-416543
Convert 134517 (base 10) to base 5.
13301032
Convert -228477 (base 16) to base 11.
-1305637
Convert -12121021220 (base 3) to base 10.
-110292
Convert 11014320444 (base 5) to base 14.
180dbc0
23586 (base 16) to base 12
6b946
Convert -1001101101100100 (base 2) to base 5.
-2233110
Convert 28af1 (base 16) to base 7.
1262556
-7a998 (base 11) to base 2
-11100100100000001
-506622 (base 9) to base 4
-1021101131
What is 32302201 (base 5) in base 15?
56886
-5606064 (base 7) to base 15
-d9be6
2937102 (base 11) to base 12
1834134
What is -73227 (base 8) in base 15?
-8ede
What is -764ab (base 15) in base 14?
-9acaa
Convert 1111101110001000100 (base 2) to base 15.
a297a
What is 15350143 (base 7) in base 12?
5b121a
Convert -11111011011000110 (base 2) to base 6.
-2431514
What is 1eb0ec (base 15) in base 7?
15540063
Convert 22122102212 (base 3) to base 6.
3351505
What is 1efe5f (base 16) in base 5?
1004444244
What is -1418232 (base 9) in base 2?
-10111110011110111101
Convert 3203333002 (base 4) to base 13.
26907a
Convert -10011110100111100 (base 2) to base 11.
-5601a
Convert 10101111100100011010 (base 2) to base 4.
2233210122
Convert -3532313 (base 6) to base 10.
-183285
What is 22027 (base 12) in base 16?
af9f
What is 37af2 (base 16) in base 5?
24244312
What is -7